 of 4260.
2, 3, 5, 71
What are the prime factors of 5279?
5279
List the prime factors of 2947.
7, 421
What are the prime factors of 5248?
2, 41
List the prime factors of 61105.
5, 11, 101
What are the prime factors of 501?
3, 167
List the prime factors of 114709.
7, 2341
What are the prime factors of 3072?
2, 3
What are the prime factors of 53171?
53171
List the prime factors of 17783.
17783
List the prime factors of 91651.
7, 13093
What are the prime factors of 22118?
2, 11059
List the prime factors of 4070.
2, 5, 11, 37
What are the prime factors of 301?
7, 43
List the prime factors of 9546.
2, 3, 37, 43
List the prime factors of 72671.
72671
What are the prime factors of 13059?
3, 1451
List the prime factors of 1406.
2, 19, 37
What are the prime factors of 38820?
2, 3, 5, 647
What are the prime factors of 2219?
7, 317
What are the prime factors of 71770?
2, 5, 7177
List the prime factors of 40493.
40493
What are the prime factors of 17780?
2, 5, 7, 127
List the prime factors of 1250.
2, 5
What are the prime factors of 6418?
2, 3209
What are the prime factors of 21079?
107, 197
List the prime factors of 25388.
2, 11, 577
What are the prime factors of 13659?
3, 29, 157
What are the prime factors of 3768?
2, 3, 157
List the prime factors of 15244.
2, 37, 103
List the prime factors of 2478.
2, 3, 7, 59
What are the prime factors of 422?
2, 211
List the prime factors of 3504.
2, 3, 73
List the prime factors of 32393.
29, 1117
What are the prime factors of 135779?
7, 17, 163
List the prime factors of 146854.
2, 101, 727
List the prime factors of 2107.
7, 43
What are the prime factors of 425?
5, 17
What are the prime factors of 422?
2, 211
What are the prime factors of 17356?
2, 4339
List the prime factors of 461.
461
List the prime factors of 1084.
2, 271
What are the prime factors of 118368?
2, 3, 137
What are the prime factors of 217?
7, 31
What are the prime factors of 20587?
7, 17, 173
List the prime factors of 22752.
2, 3, 79
List the prime factors of 1057.
7, 151
What are the prime factors of 3299?
3299
List the prime factors of 2687.
2687
List the prime factors of 34274.
2, 17137
What are the prime factors of 13049?
13049
List the prime factors of 1170.
2, 3, 5, 13
List the prime factors of 5558.
2, 7, 397
What are the prime factors of 18829?
19, 991
What are the prime factors of 4346?
2, 41, 53
List the prime factors of 1802.
2, 17, 53
List the prime factors of 1234.
2, 617
What are the prime factors of 73097?
67, 1091
What are the prime factors of 30588?
2, 3, 2549
What are the prime factors of 62116?
2, 53, 293
What are the prime factors of 1074?
2, 3, 179
What are the prime factors of 1012?
2, 11, 23
What are the prime factors of 11423?
11423
What are the prime factors of 2864?
2, 179
List the prime factors of 75929.
7, 10847
List the prime factors of 28205.
5, 5641
List the prime factors of 4624.
2, 17
What are the prime factors of 3904?
2, 61
What are the prime factors of 4688?
2, 293
What are the prime factors of 3410?
2, 5, 11, 31
List the prime factors of 1831.
1831
What are the prime factors of 92302?
2, 7, 19, 347
What are the prime factors of 1314?
2, 3, 73
List the prime factors of 88596.
2, 3, 23, 107
What are the prime factors of 31522?
2, 15761
What are the prime factors of 8735?
5, 1747
What are the prime factors of 1805?
5, 19
What are the prime factors of 14053?
13, 23, 47
List the prime factors of 105235.
5, 13, 1619
List the prime factors of 589.
19, 31
List the prime factors of 19901.
7, 2843
List the prime factors of 141460.
2, 5, 11, 643
List the prime factors of 11601.
3, 1289
List the prime factors of 1779.
3, 593
List the prime factors of 3127.
53, 59
What are the prime factors of 1066?
2, 13, 41
What are the prime factors of 5111?
19, 269
What are the prime factors of 1441?
11, 131
List the prime factors of 13553.
13553
What are the prime factors of 2949?
3, 983
What are the prime factors of 47177?
13, 19, 191
What are the prime factors of 12514?
2, 6257
List the prime factors of 13794.
2, 3, 11, 19
What are the prime factors of 609?
3, 7, 29
What are the prime factors of 3747?
3, 1249
What are the prime factors of 1259?
1259
List the prime factors of 66790.
2, 5, 6679
What are the prime factors of 54697?
83, 659
What are the prime factors of 31446?
2, 3, 1747
List the prime factors of 3320.
2, 5, 83
List the prime factors of 1004.
2, 251
What are the prime factors of 1030?
2, 5, 103
List the prime factors of 1104.
2, 3, 23
List the prime factors of 1676.
2, 419
What are the prime factors of 3953?
59, 67
What are the prime factors of 68664?
2, 3, 2861
What are the prime factors of 53190?
2, 3, 5, 197
List the prime factors of 1197.
3, 7, 19
What are the prime factors of 1007?
19, 53
List the prime factors of 19.
19
What are the prime factors of 1069?
1069
What are the prime factors of 2521?
2521
What are the prime factors of 4?
2
List the prime factors of 152495.
5, 7, 4357
What are the prime factors of 3937?
31, 127
What are the prime factors of 70821?
3, 43, 61
What are the prime factors of 4878?
2, 3, 271
What are the prime factors of 14133?
3, 7, 673
What are the prime factors of 1405?
5, 281
What are the prime factors of 7968?
2, 3, 83
List the prime factors of 15491.
7, 2213
List the prime factors of 1505.
5, 7, 43
What are the prime factors of 881?
881
List the prime factors of 59595.
3, 5, 29, 137
List the prime factors of 1043.
7, 149
What are the prime factors of 4184?
2, 523
What are the prime factors of 1097?
1097
What are the prime factors of 217?
7, 31
List the prime factors of 4073.
4073
List the prime factors of 18863.
13, 1451
List the prime factors of 10586.
2, 67, 79
What are the prime factors of 138807?
3, 53, 97
What are the prime factors of 87499?
17, 5147
List the prime factors of 59897.
89, 673
What are the prime factors of 1644?
2, 3, 137
What are the prime factors of 2594?
2, 1297
List the prime factors of 54091.
54091
What are the prime factors of 50040?
2, 3, 5, 139
What are the prime factors of 6598?
2, 3299
List the prime factors of 2196.
2, 3, 61
What are the prime factors of 408?
2, 3, 17
List the prime factors of 308.
2, 7, 11
What are the prime factors of 1303?
1303
What are the prime factors of 4352?
2, 17
List the prime factors of 79077.
3, 43, 613
What are the prime factors of 11750?
2, 5, 47
What are the prime factors of 36970?
2, 5, 3697
What are the prime factors of 1337?
7, 191
What are the prime factors of 78130?
2, 5, 13, 601
List the prime factors of 768.
2, 3
What are the prime factors of 10144?
2, 317
What are the prime factors of 48194?
2, 24097
List the prime factors of 2941.
17, 173
List the prime factors of 802.
2, 401
List the prime factors of 23185.
5, 4637
What are the prime factors of 912?
2, 3, 19
List the prime factors of 118626.
2, 3, 17, 1163
What are the prime factors of 4364?
2, 1091
List the prime factors of 15994.
2, 11, 727
What are the prime factors of 7740?
2, 3, 5, 43
What are the prime factors of 856?
2, 107
What are the prime factors of 64802?
2, 32401
What are the prime factors of 11288?
2, 17, 83
What are the prime factors of 23573?
11, 2143
What are the prime factors of 1580?
2, 5, 79
What are the prime factors of 35665?
5, 7, 1019
List the prime factors of 111568.
2, 19, 367
What are the prime factors of 22?
2, 11
List the prime factors of 39583.
23, 1721
List the prime factors of 159.
3, 53
What are the prime factors of 25566?
2, 3, 4261
What are the prime factors of 1578?
2, 3, 263
List the prime factors of 198.
2, 3, 11
List the prime factors of 12253.
12253
What are the prime factors of 14978?
2, 7489
List the prime factors of 1353.
3, 11, 41
List the prime factors of 28521.
3, 3169
List the prime factors of 3894.
2, 3, 11, 59
List the prime factors of 58426.
2, 131, 223
What are the prime factors of 6605?
5, 1321
List the prime factors of 10801.
7, 1543
What are the prime factors of 9983?
67, 149
List the prime factors of 54855.
3, 5, 23, 53
List the prime factors of 2247.
3, 7, 107
What are the prime factors of 16727?
43, 389
List the prime factors of 13952.
2, 109
List the prime factors of 81922.
2, 40961
List the prime factors of 257.
257
List the prime factors of 2288.
2, 11, 13
List the prime factors of 63226.
2, 101, 313
List